{"id":386,"date":"2023-12-29T00:49:17","date_gmt":"2023-12-28T23:49:17","guid":{"rendered":"https:\/\/sla-formations.com\/?page_id=386"},"modified":"2023-12-29T01:01:31","modified_gmt":"2023-12-29T00:01:31","slug":"mentions-legales","status":"publish","type":"page","link":"https:\/\/sla-formations.com\/index.php\/mentions-legales\/","title":{"rendered":"Mentions l\u00e9gales"},"content":{"rendered":"\n<h2 class=\"wp-block-heading has-header-gradient-color has-text-color has-link-color wp-elements-d98c407a4c944795098b6361252a05f4\">Information sur le site<\/h2>\n\n\n\n<p>Bienvenue sur le site web https:\/\/www.sla-formations.com (ci-apr\u00e8s le \u00ab&nbsp;<strong>Site<\/strong>&nbsp;\u00bb). En utilisant ce site, vous reconnaissez avoir pris connaissance de la pr\u00e9sente notice l\u00e9gale et vous vous engagez \u00e0 la respecter. Cette notice l\u00e9gale a notamment pour objet de vous informer de l&rsquo;existence de droits de propri\u00e9t\u00e9 intellectuelle devant \u00eatre respect\u00e9s. Le contenu de la pr\u00e9sente notice peut \u00eatre amen\u00e9 \u00e0 changer ; nous vous invitons par cons\u00e9quent \u00e0 la consulter r\u00e9guli\u00e8rement.<\/p>\n\n\n\n<h2 class=\"wp-block-heading has-header-gradient-color has-text-color has-link-color wp-elements-187ab7b62c6a9a144b64c89d7999d4f0\">Article 1 &#8211; Mentions l\u00e9gales<\/h2>\n\n\n\n<p><strong>1.1 Site :<\/strong> <br>SLA Formations<\/p>\n\n\n\n<p><strong>1.2 \u00c9diteur : <br><\/strong>L&rsquo;Association Le Soleil de la langue arabe, d\u00e9clar\u00e9e aupr\u00e8s de la pr\u00e9fecture de Cr\u00e9teil sous le num\u00e9ro SIRET 898 364 070 00018<br>dont le si\u00e8ge social est situ\u00e9 : 86 avenue Paul Vaillant Couturier 94400 Vitry-sur-Seine<br>N\u00b0 de t\u00e9l\u00e9phone : 06 63 08 17 94<br>Adresse e-mail : info@sla-formations.com<br>repr\u00e9sent\u00e9e par Faten DOGHMAN, Pr\u00e9sidente<\/p>\n\n\n\n<p>Directeur de la publication : Rachel PRIEST<\/p>\n\n\n\n<p><strong>1.3 H\u00e9bergeur : <br><\/strong>SLA Formations est h\u00e9berg\u00e9 par OVH, dont le si\u00e8ge social est situ\u00e9 2 rue Kellermann 59100 Roubaix.<\/p>\n\n\n\n<p><strong>1.4 D\u00e9l\u00e9gu\u00e9 \u00e0 la protection des donn\u00e9es (DPO) :<br><\/strong>Un d\u00e9l\u00e9gu\u00e9 \u00e0 la protection des donn\u00e9es : Faten DOGHMAN, <a href=\"mailto:info@sla-formations.com\">info@sla-formations.com<\/a>, est \u00e0 votre disposition pour toute question relative \u00e0 la protection de vos donn\u00e9es personnelles. <\/p>\n\n\n\n<h2 class=\"wp-block-heading has-header-gradient-color has-text-color has-link-color wp-elements-e76c3ad53d4c7af87a410438088f1cc6\">Article 2 &#8211; Objet du Site SLA Formations<\/h2>\n\n\n\n<p>Le Site fournit des informations sur SLA Formations. Le pr\u00e9sent Site est la propri\u00e9t\u00e9 de l&rsquo;Association Le Soleil de la langue arabe (ci-apr\u00e8s l&rsquo;\u00ab&nbsp;<strong>Association<\/strong>&nbsp;\u00bb).<\/p>\n\n\n\n<p>Toute communication pourra \u00eatre adress\u00e9e \u00e0 l&rsquo;adresse suivante : <a href=\"mailto:info@sla-formations.com\">info@sla-formations.com<\/a><\/p>\n\n\n\n<h2 class=\"wp-block-heading has-header-gradient-color has-text-color has-link-color wp-elements-1a8867c2998302d392f2ac778b688394\">Article 3 &#8211; Les droits prot\u00e9g\u00e9s <\/h2>\n\n\n\n<h3 class=\"wp-block-heading\">Propri\u00e9t\u00e9 intellectuelle&nbsp;<\/h3>\n\n\n\n<p>Les \u00e9l\u00e9ments constituant le pr\u00e9sent Site, d\u00e9velopp\u00e9s par l&rsquo;Association ou pour son compte (ci-apr\u00e8s le \u00ab&nbsp;<strong>Contenu<\/strong>&nbsp;\u00bb), sont prot\u00e9g\u00e9s par la l\u00e9gislation applicable en mati\u00e8re de droit d&rsquo;auteur, de droit des marques, de droit des dessins et mod\u00e8les et de concurrence d\u00e9loyale.&nbsp;<\/p>\n\n\n\n<p>Le Contenu comprend, notamment, l&rsquo;architecture, la charte graphique (incluant les couleurs, les polices de caract\u00e8re et l&rsquo;organisation graphique des \u00e9crans), ainsi que l&rsquo;ensemble des informations et \u00e9l\u00e9ments disponibles sur le Site Internet, tels que notamment les textes, articles, photographies, illustrations, images, marques et logos, donn\u00e9es, bases de donn\u00e9es et tous \u00e9l\u00e9ments sonores (tels que voix, musiques ou bruitages) et visuels fixes ou anim\u00e9s (tels que animations graphiques ou s\u00e9quences audiovisuelles), les d\u00e9veloppements logiciels sp\u00e9cifiques, les programmes t\u00e9l\u00e9chargeables.<\/p>\n\n\n\n<p>Le Contenu est la propri\u00e9t\u00e9 de l&rsquo;Association.&nbsp;<\/p>\n\n\n\n<p>Toute reproduction, repr\u00e9sentation, diffusion et\/ou exploitation de tout ou partie du Contenu, par quelque moyen, sous quelque forme et \u00e0 quelque fin que ce soit, est interdite, sauf autorisation expresse pr\u00e9alable et \u00e9crite de la Soci\u00e9t\u00e9. En tout \u00e9tat de cause, et sous r\u00e9serve de ce qui pr\u00e9c\u00e8de, devront \u00eatre clairement indiqu\u00e9s la source (le pr\u00e9sent Site et la Soci\u00e9t\u00e9), ainsi que, le cas \u00e9ch\u00e9ant, le nom de l&rsquo;auteur.<\/p>\n\n\n\n<p>Toute personne ne respectant pas les dispositions l\u00e9gales applicables se rend coupable du d\u00e9lit de contrefa\u00e7on et est passible des sanctions p\u00e9nales pr\u00e9vues par la loi, nonobstant tout autre recours de la Soci\u00e9t\u00e9.&nbsp;<\/p>\n\n\n\n<h3 class=\"wp-block-heading\">Photo credits<\/h3>\n\n\n\n<p>Cr\u00e9\u00e9 avec Canva : <a href=\"https:\/\/www.canva.com \">https:\/\/www.canva.com <\/a><\/p>\n\n\n\n<h2 class=\"wp-block-heading has-header-gradient-color has-text-color has-link-color wp-elements-381204af1d0dc29e534d4905d8893c34\">Article 4 &#8211; Responsabilit\u00e9<\/h2>\n\n\n\n<p>L&rsquo;Association exclue toute garantie quelle qu&rsquo;elle soit quant au Contenu, et notamment toute garantie d&rsquo;ad\u00e9quation \u00e0 un usage particulier, de propri\u00e9t\u00e9 et d&rsquo;absence de contrefa\u00e7on. En outre, l&rsquo;Association exclue toute responsabilit\u00e9 quelle qu&rsquo;elle soit, s&rsquo;agissant des dommages directs ou indirects, accessoires ou incidents, pertes de donn\u00e9es ou de profit, r\u00e9sultant de, ou li\u00e9s \u00e0 l&rsquo;utilisation ou au fonctionnement du pr\u00e9sent Site et du Contenu.<\/p>\n\n\n\n<p>Par ailleurs, le Site est susceptible de contenir des inexactitudes ou des erreurs typographiques.&nbsp;<br>Des changements et mises \u00e0 jour sont r\u00e9guli\u00e8rement effectu\u00e9s sur le pr\u00e9sent Site. A cet \u00e9gard, l&rsquo;Association se r\u00e9serve le droit d&rsquo;apporter toute modification, rectification ou changement, \u00e0 tout moment.<\/p>\n\n\n\n<p>Le pr\u00e9sent Site contient des liens vous permettant de quitter le Site. Ces liens sont fournis pour votre seule commodit\u00e9, et n&rsquo;impliquent aucune approbation ou visa desdits sites par l&rsquo;Association. Les sites cibles ne sont pas sous le contr\u00f4le de l&rsquo;Association, et cette derni\u00e8re n\u2019est nullement responsable du contenu de ces sites, des liens qu&rsquo;ils contiennent, des produits ou services qu&rsquo;ils proposent, ou des changements ou mises \u00e0 jour qui leur sont apport\u00e9s.<\/p>\n\n\n\n<p>Les marques, noms de produits ou services, noms de domaine et les d\u00e9nominations de soci\u00e9t\u00e9s mentionn\u00e9s sur le pr\u00e9sent Site restent la propri\u00e9t\u00e9 de leurs titulaires respectifs.<\/p>\n\n\n\n<p>La mention de liens ou de marques, noms, services, noms de domaine et d\u00e9nomination d&rsquo;autres soci\u00e9t\u00e9s n&rsquo;implique aucunement l&rsquo;existence d&rsquo;une association quelconque entre l&rsquo;Association et ces soci\u00e9t\u00e9s, produits ou services, marques, noms ou d\u00e9nominations en cause.<\/p>\n\n\n\n<h2 class=\"wp-block-heading has-header-gradient-color has-text-color has-link-color wp-elements-8c94f962fd8825301665be6c2ec9b097\">Article 5 &#8211; La protection de la vie priv\u00e9e <\/h2>\n\n\n\n<h3 class=\"wp-block-heading\">Collecte et utilisation de donn\u00e9es personnelles<\/h3>\n\n\n\n<p>L\u2019utilisation de notre site internet n\u00e9cessite la collecte et le traitement de donn\u00e9es \u00e0 caract\u00e8re personnel vous concernant. Pour plus d\u2019informations, nous vous invitons \u00e0 lire nos Conditions G\u00e9n\u00e9rales de Vente sur notre Site internet.&nbsp;<\/p>\n\n\n\n<h3 class=\"wp-block-heading\">Droit applicable et comp\u00e9tence juridique<\/h3>\n\n\n\n<p>Le site et son contenu sont r\u00e9gis par le Droit Fran\u00e7ais, et tout litige \u00e9ventuel s\u2019y rapportant sera soumis \u00e0 la comp\u00e9tence des tribunaux fran\u00e7ais.<\/p>\n\n\n\n<p>\u00a9 Copyright SLA Formation 2023. Tous droits r\u00e9serv\u00e9s<\/p>\n","protected":false},"excerpt":{"rendered":"<p>Information sur le site Bienvenue sur le site web https:\/\/www.sla-formations.com (ci-apr\u00e8s le \u00ab&nbsp;Site&nbsp;\u00bb). En utilisant ce site, vous reconnaissez avoir pris connaissance de la pr\u00e9sente notice l\u00e9gale et vous vous engagez \u00e0 la respecter. Cette notice l\u00e9gale a notamment pour objet de vous informer de l&rsquo;existence de droits de propri\u00e9t\u00e9 [&hellip;]<\/p>\n","protected":false},"author":1,"featured_media":0,"parent":0,"menu_order":0,"comment_status":"closed","ping_status":"closed","template":"","meta":{"footnotes":""},"_links":{"self":[{"href":"https:\/\/sla-formations.com\/index.php\/wp-json\/wp\/v2\/pages\/386"}],"collection":[{"href":"https:\/\/sla-formations.com\/index.php\/wp-json\/wp\/v2\/pages"}],"about":[{"href":"https:\/\/sla-formations.com\/index.php\/wp-json\/wp\/v2\/types\/page"}],"author":[{"embeddable":true,"href":"https:\/\/sla-formations.com\/index.php\/wp-json\/wp\/v2\/users\/1"}],"replies":[{"embeddable":true,"href":"https:\/\/sla-formations.com\/index.php\/wp-json\/wp\/v2\/comments?post=386"}],"version-history":[{"count":2,"href":"https:\/\/sla-formations.com\/index.php\/wp-json\/wp\/v2\/pages\/386\/revisions"}],"predecessor-version":[{"id":405,"href":"https:\/\/sla-formations.com\/index.php\/wp-json\/wp\/v2\/pages\/386\/revisions\/405"}],"wp:attachment":[{"href":"https:\/\/sla-formations.com\/index.php\/wp-json\/wp\/v2\/media?parent=386"}],"curies":[{"name":"wp","href":"https:\/\/api.w.org\/{rel}","templated":true}]}}