{"id":416,"date":"2024-01-12T18:30:08","date_gmt":"2024-01-12T17:30:08","guid":{"rendered":"https:\/\/sla-formations.com\/?page_id=416"},"modified":"2024-01-12T18:45:13","modified_gmt":"2024-01-12T17:45:13","slug":"recrutement-2","status":"publish","type":"page","link":"https:\/\/sla-formations.com\/index.php\/recrutement-2\/","title":{"rendered":"Recrutement"},"content":{"rendered":"\n<p>Rejoignez notre centre de formation SLA Formations<\/p>\n\n\n\n<p>Rejoindre&nbsp;SLA Formations :<\/p>\n\n\n\n<ul>\n<li>C\u2019est int\u00e9grer un organisme de formation qui ambitionne d&rsquo;\u0153uvrer, demain, dans la formation linguistique, \u00e0 l&rsquo;accueil (h\u00f4tesse et r\u00e9ceptionniste), aux technologies du tourisme.<\/li>\n\n\n\n<li>C&rsquo;est int\u00e9grer des \u00e9quipes de formateurs issus du terrain et \u00e0 la hauteur des enjeux des organisations.<\/li>\n\n\n\n<li>C&rsquo;est int\u00e9grer un organisme de qualit\u00e9. SLA Formations est en effet <strong>certifi\u00e9 Qualiopi<\/strong>.<\/li>\n\n\n\n<li>C&rsquo;est rejoindre une organisation b\u00e9n\u00e9ficiant d&rsquo;un environnement bienveillant et humain<\/li>\n<\/ul>\n\n\n\n<p>Pour r\u00e9ussir ces transformations, l\u2019entreprise a besoin de tous les talents. Afin de renforcer notre \u00e9quipe p\u00e9dagogique, nous recherchons des formateurs et formatrices pour constituer un nouveau vivier.<\/p>\n\n\n\n<p>Rejoignez un centre de formation tourn\u00e9 vers l\u2019avenir. Postulez \u00e0 nos offres<\/p>\n\n\n\n<hr class=\"wp-block-separator has-alpha-channel-opacity\"\/>\n\n\n\n<figure class=\"wp-block-image size-full\"><img loading=\"lazy\" decoding=\"async\" width=\"800\" height=\"340\" src=\"https:\/\/sla-formations.com\/wp-content\/uploads\/2024\/01\/Formation-ce-qui-change-en2019.jpeg\" alt=\"\" class=\"wp-image-423\" srcset=\"https:\/\/sla-formations.com\/wp-content\/uploads\/2024\/01\/Formation-ce-qui-change-en2019.jpeg 800w, https:\/\/sla-formations.com\/wp-content\/uploads\/2024\/01\/Formation-ce-qui-change-en2019-300x128.jpeg 300w, https:\/\/sla-formations.com\/wp-content\/uploads\/2024\/01\/Formation-ce-qui-change-en2019-768x326.jpeg 768w\" sizes=\"(max-width: 800px) 100vw, 800px\" \/><\/figure>\n\n\n\n<hr class=\"wp-block-separator has-alpha-channel-opacity\"\/>\n","protected":false},"excerpt":{"rendered":"<p>Rejoignez notre centre de formation SLA Formations Rejoindre&nbsp;SLA Formations : Pour r\u00e9ussir ces transformations, l\u2019entreprise a besoin de tous les talents. Afin de renforcer notre \u00e9quipe p\u00e9dagogique, nous recherchons des formateurs et formatrices pour constituer un nouveau vivier. Rejoignez un centre de formation tourn\u00e9 vers l\u2019avenir. Postulez \u00e0 nos offres<\/p>\n","protected":false},"author":1,"featured_media":0,"parent":0,"menu_order":0,"comment_status":"closed","ping_status":"closed","template":"","meta":{"footnotes":""},"_links":{"self":[{"href":"https:\/\/sla-formations.com\/index.php\/wp-json\/wp\/v2\/pages\/416"}],"collection":[{"href":"https:\/\/sla-formations.com\/index.php\/wp-json\/wp\/v2\/pages"}],"about":[{"href":"https:\/\/sla-formations.com\/index.php\/wp-json\/wp\/v2\/types\/page"}],"author":[{"embeddable":true,"href":"https:\/\/sla-formations.com\/index.php\/wp-json\/wp\/v2\/users\/1"}],"replies":[{"embeddable":true,"href":"https:\/\/sla-formations.com\/index.php\/wp-json\/wp\/v2\/comments?post=416"}],"version-history":[{"count":2,"href":"https:\/\/sla-formations.com\/index.php\/wp-json\/wp\/v2\/pages\/416\/revisions"}],"predecessor-version":[{"id":424,"href":"https:\/\/sla-formations.com\/index.php\/wp-json\/wp\/v2\/pages\/416\/revisions\/424"}],"wp:attachment":[{"href":"https:\/\/sla-formations.com\/index.php\/wp-json\/wp\/v2\/media?parent=416"}],"curies":[{"name":"wp","href":"https:\/\/api.w.org\/{rel}","templated":true}]}}